by 2?
0
Let q(n) = -91*n + 27. Let x = 495 + -496. Calculate the remainder when q(x) is divided by 16.
6
Let d(s) = 3*s**2 + 4*s + 2. Let w be d(-2). Let n be ((-28)/w)/7*(-6)/4. What is the remainder when 196 is divided by (n/((-10)/4))/(18/(-1800))?
36
Let u(m) = 75*m - 17. Let h be u(-2). Let w = -136 - h. What is the remainder when 54 is divided by w?
23
Let u(b) = 13*b - b**3 + 4 - 3*b**2 - 12 + 1. What is the remainder when 183 is divided by u(-6)?
22
Let b be (12/(-10))/((-2)/(140/3)). Suppose -i = -q - 3*i + 14, 4*q + i = b. What is the remainder when ((-8)/q - -2) + 1629/27 is divided by 16?
13
Suppose 4*v - 2*l = 92, -2*l = -2*v + 3*l + 54. Suppose -198471 = -713*x - 26638. What is the remainder when x is divided by v?
21
Suppose -16 = 3*r + 5*v - 0*v, -12 = 2*r + 4*v. Let d be (104/10)/(-2) - r/10. Let y(z) = -11*z - 35. What is the remainder when 57 is divided by y(d)?
17
Suppose 95*f - 103*f - 48 = 0. What is the remainder when 70 is divided by ((-30)/(-9))/(f/(-54))?
10
Suppose -4*t = 3*x - 5*t - 26, -4*x + 41 = 5*t. Suppose x*k = -5*k + 364. What is the remainder when k is divided by -8*(-3)/(-12)*-7?
12
Suppose 0 = 9*m - 4*m - 2*c - 2641, 5*m + 3*c = 2676. Calculate the remainder when m is divided by ((-760)/50)/(1/(-5)).
75
Calculate the remainder when 598 is divided by (-29 + 14)*(-3)/(-2)*(-2)/3.
13
Let k(w) = -3*w**3 - w**2. Let s be k(-2). Suppose -s*h + 23*h = 12. Calculate the remainder when 54 is divided by (-848)/(-60) + h/(-30).
12
Let z = 10151 + -274. Calculate the remainder when z is divided by 61.
56
Suppose 0 = 120*o - 477 - 483. Calculate the remainder when 373 is divided by o.
5
Suppose -62*t - 1932 = -76*t. Calculate the remainder when (((-75)/(-2))/5)/(3/t) is divided by 29.
26
Let r(h) = -53*h**2 - 402*h + 4. What is the remainder when r(-7) is divided by 115?
106
Calculate the remainder when 330 is divided by (-26)/(-130) - 2424/(-30).
6
Suppose 6*l = 3*l + 12. Let o = 14 - 10. What is the remainder when (-23)/92 - (-157)/o is divided by l?
3
Suppose 25*w - 1613 + 752 = 2264. Let y(k) = k + 32. Let s(h) = -h**3 - 4*h**2 - 3*h. Let q be s(-3). Calculate the remainder when w is divided by y(q).
29
Suppose r - 19 = 31. Suppose 0 = 39*t - 48*t + 1746. Calculate the remainder when t is divided by r.
44
Let j(v) = v**3 + 2*v**2 + 2*v + 2. Let l be j(0). Suppose -43 = -4*c + l*h + 17, 3*h = 0. What is the remainder when 434 is divided by c?
14
Suppose -9*q - 209 = 466. Let k = 72 + q. What is the remainder when 32 is divided by (1 + -5 - k)*-13?
6
Suppose 2*v - 38 = 2*x - 6*x, -3*v - 2*x = -69. Let h = -6 + 9. Suppose -5*q + 502 = 4*j, 0*q - 379 = -h*j - 5*q. What is the remainder when j is divided by v?
23
Suppose g = 2*g - 48. Calculate the remainder when g is divided by (126/420)/((-9)/(-795)) - (-1)/(-2).
22
Let y be (1 - 65)*12/16*-1. Let t = y + 26. Calculate the remainder when t is divided by 25.
24
Let m(u) = -11*u + 3. Suppose -11 = -2*d - 3. Let g(s) = 2*s**3 - 4*s**2 + 2*s + 2. What is the remainder when g(d) is divided by m(-2)?
24
Let h(k) = k**3 + 5*k**2 + 4*k + 3. Let v be h(-4). Suppose 4*s = v*s. Suppose -c + 3*q = -3*c + 198, s = -q. What is the remainder when c is divided by 34?
31
Let p(q) = -q**2 - 4*q + 5. Let k be p(-5). Let f(y) = -y**2 - y + 22. Let j = 9569 - 9557. Calculate the remainder when f(k) is divided by j.
10
Let m = -128 + 325. Let n = m + -175. Calculate the remainder when 217 is divided by n.
19
Suppose 0 = 4*h + 2*r - 2, 3*h - r + 6 = 5. Suppose h = -w + 570 - 528. Calculate the remainder when w is divided by 34.
8
Let o = 83 - 78. Let n(r) = r**3 - 9*r**2 + 4. Let t be n(9). Suppose -2*c + t*c = 0, 3*j + o*c - 117 = 0. What is the remainder when j is divided by 10?
9
Let q(v) = -950*v - 615. What is the remainder when q(-1) is divided by 52?
23
Suppose -14*c - 129 = -19*c + 3*m, 2*c - 2*m = 54. Let f(x) = -3*x**3 + 4*x**2 + 4*x + 12. What is the remainder when f(-2) is divided by c?
20
Let a(n) = -n**3 - 3*n**2 + 2*n - 5. Let c be a(-4). Suppose -2 + c = q, -5*s + q = -2299. Suppose 0*h = 5*h - s. What is the remainder when h is divided by 31?
30
Let b be -8*8/(-20)*(-130)/16. Let i = -18 - b. Calculate the remainder when 21 is divided by i.
5
Let a(y) = -31*y - 342. Calculate the remainder when (-78)/5*60/(-8) is divided by a(-12).
27
Let n = 39 + 7. Suppose 5*x + 349 = 908 + 576. What is the remainder when x is divided by n?
43
Let s = 70 + -50. Calculate the remainder when 35 is divided by -8*(1 - 35/s).
5
Let a(l) = 3 + l - 1 + 5. Suppose -z + 49 + 34 = 0. What is the remainder when z is divided by a(7)?
13
Suppose 4*c + 1 + 3 = 0. Let i be 1/c*-1*13 + 3. Suppose y = 37 - i. What is the remainder when y is divided by 13?
8
Let z(o) = -3*o**2 - o + 316. Calculate the remainder when z(0) is divided by 78.
4
Suppose 3*b - 6 - 47 = -4*y, -b = -y - 13. Let j = -121 - -337. Suppose -7*o + b*o = j. What is the remainder when 79 is divided by o?
25
Let v(m) = -m**2 + 7*m - 12. Let h be v(5). Let j = 6 - h. Let g = 246 + -231. Calculate the remainder when g is divided by j.
7
What is the remainder when 731 is divided by (7/1 + -8)*-61?
60
Let m = -2089 - -2559. Calculate the remainder when m is divided by 244.
226
Let t(r) = -2*r**3 + 22*r**2 - 20*r + 3. Let p be t(10). Suppose 21 = q - 3*x, p*q + 0*q - 111 = -3*x. Calculate the remainder when q is divided by 9.
6
Let j be (-10)/(-15) - 77/3. Let l = j + 65. Suppose 9*p - 4*p = l. What is the remainder when 37 is divided by p?
5
Suppose 3 = 5*a - 2*b, 9*a - 12*a + b = -1. Calculate the remainder when 53 + a*2/2 is divided by 5.
2
Let x(c) = 118*c**2 + 153*c - 136. What is the remainder when x(1) is divided by 2/(-1 + 10/8)?
7
Suppose 428 = 39*a - 469. Suppose -i - 52 = 129. Let h = -67 - i. What is the remainder when h is divided by a?
22
Let q(p) = p**2 + 34*p - 25. Let z(c) = -c**3 - 3*c**2 + 6*c - 4. Let u be z(3). What is the remainder when q(u) is divided by 36?
35
Let v be (14/(-49) - (-58)/7) + 0. Suppose -6*t - 14 = -v*t. Calculate the remainder when 69 is divided by 2 + (-3 - -4) + 1*t.
9
What is the remainder when 2414 is divided by 2 - 1 - ((-14)/35 - 396/60)?
6
Suppose 0 = 2*c + 19 + 1. Let y(x) = 2*x**3 + 22*x**2 + x - 5. Let s be y(c). Suppose -i = 4*i - s. Calculate the remainder when 145 is divided by i.
34
Let n(x) = 110*x + 3426. Calculate the remainder when n(-31) is divided by 2.
0
Let a(s) = -s**3 + 12*s**2 - 8*s - 7. Let n be (-2238)/(-33) - (-6)/33. Suppose 2*w - n = 188. What is the remainder when w is divided by a(11)?
24
Suppose 24*c = 233 + 1039. What is the remainder when 169 is divided by c?
10
Let z = 39 - 37. Calculate the remainder when ((-380)/(-12) - z) + 8/(-12) is divided by 4.
1
What is the remainder when 2/((32/24)/((-2110)/(-15))) is divided by 43?
39
Suppose 0 = 35*f - 24*f - 88. What is the remainder when 23*1*(-1 + 2) is divided by f?
7
Let l(u) be the first derivative of -2*u**2 + 3*u + 65/3*u**3 + 40. Calculate the remainder when l(1) is divided by 13.
12
Suppose -27*s - 825 = -12*s. Suppose -z + 292 = 3*z. Let d = s + z. What is the remainder when 71 is divided by d?
17
Suppose r + 3*l - 7 = 0, -4*r - 22*l + 64 = -19*l. Suppose r*w + 150 = 1898. What is the remainder when 363 is divided by w?
87
Let c = 10292 - 10254. What is the remainder when c is divided by 17?
4
Let q(k) = k**2 - 26*k - 53. Let a be q(25). Let y = -66 - a. Calculate the remainder when 33 is divided by y.
9
Suppose -326*s + 310*s + 38032 = 0. Calculate the remainder when s is divided by 35.
32
Let f(t) = 8*t**2 + t - 4. Let s be f(-2). Let x = 17 - s. Let o(p) = -7*p - 21. What is the remainder when o(x) is divided by 22?
20
Suppose 3402 - 438 = 52*o. Suppose 3*n - 32 = 283. Suppose -3*f - 5*d + n = 0, 55 = -4*f - 4*d + 187. What is the remainder when o is divided by f?
27
Suppose -3*n - 4*o + 116 = 0, -75 = -5*n - o + 124. Suppose 86 = q + 16*z - 12*z, 2*z = 4*q - 254. Calculate the remainder when q is divided by n.
26
Let x be (-387)/(-4) - (-2)/8. Let w = 3662 + -3448. Let j = w - x. Calculate the remainder when j is divided by 12.
9
Let x = 6 - -12. What is the remainder when 162 is divided by 189/x*(1 - (-1 - 0))?
15
Let f(u) = 5*u + 21. Suppose -5*q = -0*q. Calculate the remainder when 80 is divided by f(